ime factors of 770.
2, 5, 7, 11
What are the prime factors of 5370?
2, 3, 5, 179
What are the prime factors of 13372?
2, 3343
What are the prime factors of 1529?
11, 139
List the prime factors of 2961.
3, 7, 47
List the prime factors of 18.
2, 3
List the prime factors of 704.
2, 11
What are the prime factors of 214?
2, 107
List the prime factors of 153.
3, 17
List the prime factors of 4022.
2, 2011
What are the prime factors of 8122?
2, 31, 131
List the prime factors of 1683.
3, 11, 17
What are the prime factors of 102941?
311, 331
What are the prime factors of 9840?
2, 3, 5, 41
What are the prime factors of 25486?
2, 12743
What are the prime factors of 28014?
2, 3, 7, 23, 29
List the prime factors of 4794.
2, 3, 17, 47
What are the prime factors of 1282?
2, 641
What are the prime factors of 457?
457
List the prime factors of 131.
131
List the prime factors of 4087.
61, 67
List the prime factors of 203.
7, 29
List the prime factors of 2397.
3, 17, 47
What are the prime factors of 2918?
2, 1459
What are the prime factors of 22591?
19, 29, 41
List the prime factors of 10679.
59, 181
List the prime factors of 566.
2, 283
List the prime factors of 2409.
3, 11, 73
List the prime factors of 41.
41
What are the prime factors of 7698?
2, 3, 1283
What are the prime factors of 10785?
3, 5, 719
What are the prime factors of 16999?
89, 191
What are the prime factors of 19996?
2, 4999
List the prime factors of 5882.
2, 17, 173
List the prime factors of 23909.
23909
What are the prime factors of 22790?
2, 5, 43, 53
List the prime factors of 21.
3, 7
List the prime factors of 70.
2, 5, 7
What are the prime factors of 62994?
2, 3, 10499
What are the prime factors of 77906?
2, 38953
What are the prime factors of 7786?
2, 17, 229
List the prime factors of 15600.
2, 3, 5, 13
What are the prime factors of 2907?
3, 17, 19
What are the prime factors of 2747?
41, 67
What are the prime factors of 860?
2, 5, 43
What are the prime factors of 74930?
2, 5, 59, 127
What are the prime factors of 22343?
22343
What are the prime factors of 1004?
2, 251
What are the prime factors of 646?
2, 17, 19
What are the prime factors of 369?
3, 41
What are the prime factors of 1181?
1181
What are the prime factors of 846?
2, 3, 47
List the prime factors of 3341.
13, 257
List the prime factors of 1543.
1543
What are the prime factors of 3428?
2, 857
What are the prime factors of 2527?
7, 19
List the prime factors of 17243.
43, 401
What are the prime factors of 3338?
2, 1669
What are the prime factors of 172?
2, 43
What are the prime factors of 6874?
2, 7, 491
List the prime factors of 997.
997
List the prime factors of 3986.
2, 1993
What are the prime factors of 513?
3, 19
List the prime factors of 507.
3, 13
What are the prime factors of 1800?
2, 3, 5
List the prime factors of 4265.
5, 853
What are the prime factors of 1013?
1013
List the prime factors of 2528.
2, 79
List the prime factors of 140053.
140053
List the prime factors of 6917.
6917
List the prime factors of 1329.
3, 443
List the prime factors of 9299.
17, 547
What are the prime factors of 5367?
3, 1789
What are the prime factors of 96835?
5, 107, 181
List the prime factors of 4903.
4903
List the prime factors of 2822.
2, 17, 83
What are the prime factors of 9072?
2, 3, 7
List the prime factors of 3740.
2, 5, 11, 17
List the prime factors of 1822.
2, 911
What are the prime factors of 3087?
3, 7
List the prime factors of 3549.
3, 7, 13
What are the prime factors of 29954?
2, 17, 881
What are the prime factors of 44048?
2, 2753
List the prime factors of 18096.
2, 3, 13, 29
List the prime factors of 52500.
2, 3, 5, 7
What are the prime factors of 258?
2, 3, 43
What are the prime factors of 13950?
2, 3, 5, 31
What are the prime factors of 2637?
3, 293
List the prime factors of 1995.
3, 5, 7, 19
What are the prime factors of 3843?
3, 7, 61
List the prime factors of 5242.
2, 2621
List the prime factors of 3469.
3469
What are the prime factors of 125051?
23, 5437
What are the prime factors of 476?
2, 7, 17
What are the prime factors of 15582?
2, 3, 7, 53
List the prime factors of 142485.
3, 5, 7, 23, 59
What are the prime factors of 436?
2, 109
List the prime factors of 16769.
41, 409
What are the prime factors of 10774?
2, 5387
List the prime factors of 1235.
5, 13, 19
List the prime factors of 185.
5, 37
List the prime factors of 8911.
7, 19, 67
What are the prime factors of 3060?
2, 3, 5, 17
What are the prime factors of 168?
2, 3, 7
What are the prime factors of 3818?
2, 23, 83
List the prime factors of 626.
2, 313
What are the prime factors of 12571?
13, 967
What are the prime factors of 3062?
2, 1531
What are the prime factors of 8614?
2, 59, 73
What are the prime factors of 2767?
2767
What are the prime factors of 34800?
2, 3, 5, 29
List the prime factors of 25341.
3, 8447
What are the prime factors of 6985?
5, 11, 127
What are the prime factors of 1133?
11, 103
List the prime factors of 1977.
3, 659
What are the prime factors of 2496?
2, 3, 13
List the prime factors of 48918.
2, 3, 31, 263
List the prime factors of 449.
449
List the prime factors of 55339.
55339
What are the prime factors of 4?
2
What are the prime factors of 31250?
2, 5
What are the prime factors of 84117?
3, 11, 2549
What are the prime factors of 27020?
2, 5, 7, 193
What are the prime factors of 575?
5, 23
What are the prime factors of 3146?
2, 11, 13
List the prime factors of 7219.
7219
What are the prime factors of 534?
2, 3, 89
What are the prime factors of 16413?
3, 5471
List the prime factors of 651.
3, 7, 31
What are the prime factors of 2977?
13, 229
What are the prime factors of 4?
2
What are the prime factors of 7117?
11, 647
What are the prime factors of 41263?
41263
List the prime factors of 2810.
2, 5, 281
What are the prime factors of 47408?
2, 2963
List the prime factors of 8098.
2, 4049
What are the prime factors of 12168?
2, 3, 13
List the prime factors of 47851.
109, 439
List the prime factors of 3020.
2, 5, 151
What are the prime factors of 12442?
2, 6221
What are the prime factors of 842?
2, 421
What are the prime factors of 338?
2, 13
What are the prime factors of 4959?
3, 19, 29
What are the prime factors of 7528?
2, 941
What are the prime factors of 270?
2, 3, 5
What are the prime factors of 9114?
2, 3, 7, 31
List the prime factors of 16211.
13, 29, 43
What are the prime factors of 403?
13, 31
List the prime factors of 82.
2, 41
What are the prime factors of 1266?
2, 3, 211
What are the prime factors of 767?
13, 59
List the prime factors of 3658.
2, 31, 59
List the prime factors of 243.
3
List the prime factors of 3273.
3, 1091
List the prime factors of 20288.
2, 317
What are the prime factors of 7111?
13, 547
List the prime factors of 3565.
5, 23, 31
What are the prime factors of 25603?
25603
What are the prime factors of 3980?
2, 5, 199
What are the prime factors of 8?
2
List the prime factors of 33760.
2, 5, 211
What are the prime factors of 7283?
7283
List the prime factors of 3895.
5, 19, 41
List the prime factors of 2357.
2357
List the prime factors of 5208.
2, 3, 7, 31
What are the prime factors of 2564?
2, 641
List the prime factors of 110631.
3, 36877
List the prime factors of 1206.
2, 3, 67
What are the prime factors of 2260?
2, 5, 113
List the prime factors of 5052.
2, 3, 421
List the prime factors of 351.
3, 13
What are the prime factors of 33883?
31, 1093
What are the prime factors of 1328?
2, 83
What are the prime factors of 39977?
7, 5711
What are the prime factors of 121775?
5, 4871
List the prime factors of 833.
7, 17
What are the prime factors of 154?
2, 7, 11
What are the prime factors of 3783?
3, 13, 97
List the prime factors of 10157.
7, 1451
List the prime factors of 831.
3, 277
List the prime factors of 18767.
7, 383
List the prime factors of 51144.
2, 3, 2131
List the prime factors of 66188.
2, 16547
What are the prime factors of 248?
2, 31
What are the prime factors of 5899?
17, 347
What are the prime factors of 34084?
2, 8521
What are the prime factors of 387?
3, 43
What are the prime factors of 2845?
5, 569
What are the prime factors of 17220?
2, 3, 5, 7, 41
List the prime factors of 1344.
2, 3, 7
What are the prime factors of 11610?
2, 3, 5, 43
What are the prime factors of 5980?
2, 5, 13, 23
List the